{"id":80338,"date":"2021-04-08T14:22:38","date_gmt":"2021-04-08T12:22:38","guid":{"rendered":"https:\/\/creativebd-angouleme.inovawork.net\/evenement\/festival-du-film-francophone-dangouleme\/"},"modified":"2021-07-23T10:44:59","modified_gmt":"2021-07-23T08:44:59","slug":"festival-du-film-francophone-dangouleme","status":"publish","type":"tribe_events","link":"https:\/\/creativebd-angouleme.inovawork.net\/en\/evenement\/festival-du-film-francophone-dangouleme\/","title":{"rendered":"Festival du Film Francophone d\u2019Angoul\u00eame"},"content":{"rendered":"<p>With the last summer rays of sun of August, the Francophone Film Festival of Angoul\u00eame has been celebrating the francophone cinema for over 10 years. In cinemas or public places, the films and their spectators invade for this occasion the city of the Valois dynasty.<\/p>\n<p>Thanks to the will of its passionnate founders Marie-France Bri\u00e8re and Dominique Besnehadrd, the festival defends a popular and subtil cinema professionals and amateurs enjoy.<\/p>\n<p>For its 14th edition, the festival highlights the Algerian cinema.<\/p>\n","protected":false},"excerpt":{"rendered":"<p>In cinemas or public places, the films and their spectators invade for this occasion the city of the Valois dynasty.<\/p>\n","protected":false},"author":7,"featured_media":80333,"comment_status":"open","ping_status":"closed","template":"","meta":{"_tribe_events_status":"","_tribe_events_status_reason":""},"tags":[],"tribe_events_cat":[],"yoast_head":"<!-- This site is optimized with the Yoast SEO plugin v18.4.1 - https:\/\/yoast.com\/wordpress\/plugins\/seo\/ -->\n<title>Angoul\u00eame Ville Cr\u00e9ative<\/title>\n<meta name=\"description\" content=\"Festival du Film Francophone d\u2019Angoul\u00eame\" \/>\n<meta name=\"robots\" content=\"noindex, follow, max-snippet:-1, max-image-preview:large, max-video-preview:-1\" \/>\n<meta property=\"og:locale\" content=\"en_US\" \/>\n<meta property=\"og:type\" content=\"article\" \/>\n<meta property=\"og:title\" content=\"Angoul\u00eame Ville Cr\u00e9ative\" \/>\n<meta property=\"og:description\" content=\"Festival du Film Francophone d\u2019Angoul\u00eame\" \/>\n<meta property=\"og:url\" content=\"https:\/\/creativebd-angouleme.inovawork.net\/en\/evenement\/festival-du-film-francophone-dangouleme\/\" \/>\n<meta property=\"og:site_name\" content=\"Angoul\u00eame Ville Cr\u00e9ative\" \/>\n<meta property=\"article:modified_time\" content=\"2021-07-23T08:44:59+00:00\" \/>\n<meta property=\"og:image\" content=\"https:\/\/creativebd-angouleme.inovawork.net\/wp-content\/uploads\/2021\/04\/FFA-logo.jpg\" \/>\n\t<meta property=\"og:image:width\" content=\"600\" \/>\n\t<meta property=\"og:image:height\" content=\"300\" \/>\n\t<meta property=\"og:image:type\" content=\"image\/jpeg\" \/>\n<meta name=\"twitter:card\" content=\"summary_large_image\" \/>\n<meta name=\"twitter:label1\" content=\"Est. reading time\" \/>\n\t<meta name=\"twitter:data1\" content=\"1 minute\" \/>\n<script type=\"application\/ld+json\" class=\"yoast-schema-graph\">{\"@context\":\"https:\/\/schema.org\",\"@graph\":[{\"@type\":\"Organization\",\"@id\":\"https:\/\/creativebd-angouleme.inovawork.net\/#organization\",\"name\":\"Mairie d'Angoul\u00eame\",\"url\":\"https:\/\/creativebd-angouleme.inovawork.net\/\",\"sameAs\":[],\"logo\":{\"@type\":\"ImageObject\",\"@id\":\"https:\/\/creativebd-angouleme.inovawork.net\/#logo\",\"inLanguage\":\"en-US\",\"url\":\"https:\/\/creativebd-angouleme.inovawork.net\/wp-content\/uploads\/2019\/12\/logo_angouleme_unesco.jpg\",\"contentUrl\":\"https:\/\/creativebd-angouleme.inovawork.net\/wp-content\/uploads\/2019\/12\/logo_angouleme_unesco.jpg\",\"width\":2079,\"height\":1060,\"caption\":\"Mairie d'Angoul\u00eame\"},\"image\":{\"@id\":\"https:\/\/creativebd-angouleme.inovawork.net\/#logo\"}},{\"@type\":\"WebSite\",\"@id\":\"https:\/\/creativebd-angouleme.inovawork.net\/#website\",\"url\":\"https:\/\/creativebd-angouleme.inovawork.net\/\",\"name\":\"Angoul\u00eame Ville Cr\u00e9ative\",\"description\":\"Angoul\u00eame Ville Cr\u00e9ative de l&#039;UNESCO\",\"publisher\":{\"@id\":\"https:\/\/creativebd-angouleme.inovawork.net\/#organization\"},\"potentialAction\":[{\"@type\":\"SearchAction\",\"target\":{\"@type\":\"EntryPoint\",\"urlTemplate\":\"https:\/\/creativebd-angouleme.inovawork.net\/?s={search_term_string}\"},\"query-input\":\"required name=search_term_string\"}],\"inLanguage\":\"en-US\"},{\"@type\":\"ImageObject\",\"@id\":\"https:\/\/creativebd-angouleme.inovawork.net\/en\/evenement\/festival-du-film-francophone-dangouleme\/#primaryimage\",\"inLanguage\":\"en-US\",\"url\":\"https:\/\/creativebd-angouleme.inovawork.net\/wp-content\/uploads\/2021\/04\/FFA-logo.jpg\",\"contentUrl\":\"https:\/\/creativebd-angouleme.inovawork.net\/wp-content\/uploads\/2021\/04\/FFA-logo.jpg\",\"width\":600,\"height\":300},{\"@type\":\"WebPage\",\"@id\":\"https:\/\/creativebd-angouleme.inovawork.net\/en\/evenement\/festival-du-film-francophone-dangouleme\/#webpage\",\"url\":\"https:\/\/creativebd-angouleme.inovawork.net\/en\/evenement\/festival-du-film-francophone-dangouleme\/\",\"name\":\"Angoul\u00eame Ville Cr\u00e9ative\",\"isPartOf\":{\"@id\":\"https:\/\/creativebd-angouleme.inovawork.net\/#website\"},\"primaryImageOfPage\":{\"@id\":\"https:\/\/creativebd-angouleme.inovawork.net\/en\/evenement\/festival-du-film-francophone-dangouleme\/#primaryimage\"},\"datePublished\":\"2021-04-08T12:22:38+00:00\",\"dateModified\":\"2021-07-23T08:44:59+00:00\",\"description\":\"Festival du Film Francophone d\u2019Angoul\u00eame\",\"breadcrumb\":{\"@id\":\"https:\/\/creativebd-angouleme.inovawork.net\/en\/evenement\/festival-du-film-francophone-dangouleme\/#breadcrumb\"},\"inLanguage\":\"en-US\",\"potentialAction\":[{\"@type\":\"ReadAction\",\"target\":[\"https:\/\/creativebd-angouleme.inovawork.net\/en\/evenement\/festival-du-film-francophone-dangouleme\/\"]}]},{\"@type\":\"BreadcrumbList\",\"@id\":\"https:\/\/creativebd-angouleme.inovawork.net\/en\/evenement\/festival-du-film-francophone-dangouleme\/#breadcrumb\",\"itemListElement\":[{\"@type\":\"ListItem\",\"position\":1,\"name\":\"Accueil\",\"item\":\"https:\/\/creativebd-angouleme.inovawork.net\/en\/\"},{\"@type\":\"ListItem\",\"position\":2,\"name\":\"\u00c9v\u00e8nements\",\"item\":\"https:\/\/creativebd-angouleme.inovawork.net\/evenements\/\"},{\"@type\":\"ListItem\",\"position\":3,\"name\":\"Festival du Film Francophone d\u2019Angoul\u00eame\"}]}]}<\/script>\n<!-- \/ Yoast SEO plugin. -->","yoast_head_json":{"title":"Angoul\u00eame Ville Cr\u00e9ative","description":"Festival du Film Francophone d\u2019Angoul\u00eame","robots":{"index":"noindex","follow":"follow","max-snippet":"max-snippet:-1","max-image-preview":"max-image-preview:large","max-video-preview":"max-video-preview:-1"},"og_locale":"en_US","og_type":"article","og_title":"Angoul\u00eame Ville Cr\u00e9ative","og_description":"Festival du Film Francophone d\u2019Angoul\u00eame","og_url":"https:\/\/creativebd-angouleme.inovawork.net\/en\/evenement\/festival-du-film-francophone-dangouleme\/","og_site_name":"Angoul\u00eame Ville Cr\u00e9ative","article_modified_time":"2021-07-23T08:44:59+00:00","og_image":[{"width":600,"height":300,"url":"https:\/\/creativebd-angouleme.inovawork.net\/wp-content\/uploads\/2021\/04\/FFA-logo.jpg","type":"image\/jpeg"}],"twitter_card":"summary_large_image","twitter_misc":{"Est. reading time":"1 minute"},"schema":{"@context":"https:\/\/schema.org","@graph":[{"@type":"Organization","@id":"https:\/\/creativebd-angouleme.inovawork.net\/#organization","name":"Mairie d'Angoul\u00eame","url":"https:\/\/creativebd-angouleme.inovawork.net\/","sameAs":[],"logo":{"@type":"ImageObject","@id":"https:\/\/creativebd-angouleme.inovawork.net\/#logo","inLanguage":"en-US","url":"https:\/\/creativebd-angouleme.inovawork.net\/wp-content\/uploads\/2019\/12\/logo_angouleme_unesco.jpg","contentUrl":"https:\/\/creativebd-angouleme.inovawork.net\/wp-content\/uploads\/2019\/12\/logo_angouleme_unesco.jpg","width":2079,"height":1060,"caption":"Mairie d'Angoul\u00eame"},"image":{"@id":"https:\/\/creativebd-angouleme.inovawork.net\/#logo"}},{"@type":"WebSite","@id":"https:\/\/creativebd-angouleme.inovawork.net\/#website","url":"https:\/\/creativebd-angouleme.inovawork.net\/","name":"Angoul\u00eame Ville Cr\u00e9ative","description":"Angoul\u00eame Ville Cr\u00e9ative de l&#039;UNESCO","publisher":{"@id":"https:\/\/creativebd-angouleme.inovawork.net\/#organization"},"potentialAction":[{"@type":"SearchAction","target":{"@type":"EntryPoint","urlTemplate":"https:\/\/creativebd-angouleme.inovawork.net\/?s={search_term_string}"},"query-input":"required name=search_term_string"}],"inLanguage":"en-US"},{"@type":"ImageObject","@id":"https:\/\/creativebd-angouleme.inovawork.net\/en\/evenement\/festival-du-film-francophone-dangouleme\/#primaryimage","inLanguage":"en-US","url":"https:\/\/creativebd-angouleme.inovawork.net\/wp-content\/uploads\/2021\/04\/FFA-logo.jpg","contentUrl":"https:\/\/creativebd-angouleme.inovawork.net\/wp-content\/uploads\/2021\/04\/FFA-logo.jpg","width":600,"height":300},{"@type":"WebPage","@id":"https:\/\/creativebd-angouleme.inovawork.net\/en\/evenement\/festival-du-film-francophone-dangouleme\/#webpage","url":"https:\/\/creativebd-angouleme.inovawork.net\/en\/evenement\/festival-du-film-francophone-dangouleme\/","name":"Angoul\u00eame Ville Cr\u00e9ative","isPartOf":{"@id":"https:\/\/creativebd-angouleme.inovawork.net\/#website"},"primaryImageOfPage":{"@id":"https:\/\/creativebd-angouleme.inovawork.net\/en\/evenement\/festival-du-film-francophone-dangouleme\/#primaryimage"},"datePublished":"2021-04-08T12:22:38+00:00","dateModified":"2021-07-23T08:44:59+00:00","description":"Festival du Film Francophone d\u2019Angoul\u00eame","breadcrumb":{"@id":"https:\/\/creativebd-angouleme.inovawork.net\/en\/evenement\/festival-du-film-francophone-dangouleme\/#breadcrumb"},"inLanguage":"en-US","potentialAction":[{"@type":"ReadAction","target":["https:\/\/creativebd-angouleme.inovawork.net\/en\/evenement\/festival-du-film-francophone-dangouleme\/"]}]},{"@type":"BreadcrumbList","@id":"https:\/\/creativebd-angouleme.inovawork.net\/en\/evenement\/festival-du-film-francophone-dangouleme\/#breadcrumb","itemListElement":[{"@type":"ListItem","position":1,"name":"Accueil","item":"https:\/\/creativebd-angouleme.inovawork.net\/en\/"},{"@type":"ListItem","position":2,"name":"\u00c9v\u00e8nements","item":"https:\/\/creativebd-angouleme.inovawork.net\/evenements\/"},{"@type":"ListItem","position":3,"name":"Festival du Film Francophone d\u2019Angoul\u00eame"}]}]}},"_links":{"self":[{"href":"https:\/\/creativebd-angouleme.inovawork.net\/en\/wp-json\/wp\/v2\/tribe_events\/80338"}],"collection":[{"href":"https:\/\/creativebd-angouleme.inovawork.net\/en\/wp-json\/wp\/v2\/tribe_events"}],"about":[{"href":"https:\/\/creativebd-angouleme.inovawork.net\/en\/wp-json\/wp\/v2\/types\/tribe_events"}],"author":[{"embeddable":true,"href":"https:\/\/creativebd-angouleme.inovawork.net\/en\/wp-json\/wp\/v2\/users\/7"}],"replies":[{"embeddable":true,"href":"https:\/\/creativebd-angouleme.inovawork.net\/en\/wp-json\/wp\/v2\/comments?post=80338"}],"version-history":[{"count":2,"href":"https:\/\/creativebd-angouleme.inovawork.net\/en\/wp-json\/wp\/v2\/tribe_events\/80338\/revisions"}],"predecessor-version":[{"id":80678,"href":"https:\/\/creativebd-angouleme.inovawork.net\/en\/wp-json\/wp\/v2\/tribe_events\/80338\/revisions\/80678"}],"wp:featuredmedia":[{"embeddable":true,"href":"https:\/\/creativebd-angouleme.inovawork.net\/en\/wp-json\/wp\/v2\/media\/80333"}],"wp:attachment":[{"href":"https:\/\/creativebd-angouleme.inovawork.net\/en\/wp-json\/wp\/v2\/media?parent=80338"}],"wp:term":[{"taxonomy":"post_tag","embeddable":true,"href":"https:\/\/creativebd-angouleme.inovawork.net\/en\/wp-json\/wp\/v2\/tags?post=80338"},{"taxonomy":"tribe_events_cat","embeddable":true,"href":"https:\/\/creativebd-angouleme.inovawork.net\/en\/wp-json\/wp\/v2\/tribe_events_cat?post=80338"}],"curies":[{"name":"wp","href":"https:\/\/api.w.org\/{rel}","templated":true}]}}

Festival du Film Francophone d’Angoulême

<p>With the last summer rays of sun of August, the Francophone Film Festival of Angoulême has been celebrating the francophone cinema for over 10 years. In cinemas or public places, the films and their spectators invade for this occasion the city of the Valois dynasty.</p>
<p>Thanks to the will of its passionnate founders Marie-France Brière and Dominique Besnehadrd, the festival defends a popular and subtil cinema professionals and amateurs enjoy.</p>
<p>For its 14th edition, the festival highlights the Algerian cinema.</p>

<!-- This site is optimized with the Yoast SEO plugin v18.4.1 - https://yoast.com/wordpress/plugins/seo/ -->
<title>Angoulême Ville Créative</title>
<meta name="description" content="Festival du Film Francophone d’Angoulême" />
<meta name="robots" content="noindex, follow, max-snippet:-1, max-image-preview:large, max-video-preview:-1" />
<meta property="og:locale" content="en_US" />
<meta property="og:type" content="article" />
<meta property="og:title" content="Angoulême Ville Créative" />
<meta property="og:description" content="Festival du Film Francophone d’Angoulême" />
<meta property="og:url" content="https://creativebd-angouleme.inovawork.net/en/evenement/festival-du-film-francophone-dangouleme/" />
<meta property="og:site_name" content="Angoulême Ville Créative" />
<meta property="article:modified_time" content="2021-07-23T08:44:59+00:00" />
<meta property="og:image" content="https://creativebd-angouleme.inovawork.net/wp-content/uploads/2021/04/FFA-logo.jpg" />
	<meta property="og:image:width" content="600" />
	<meta property="og:image:height" content="300" />
	<meta property="og:image:type" content="image/jpeg" />
<meta name="twitter:card" content="summary_large_image" />
<meta name="twitter:label1" content="Est. reading time" />
	<meta name="twitter:data1" content="1 minute" />
<script type="application/ld+json" class="yoast-schema-graph">{"@context":"https://schema.org","@graph":[{"@type":"Organization","@id":"https://creativebd-angouleme.inovawork.net/#organization","name":"Mairie d'Angoulême","url":"https://creativebd-angouleme.inovawork.net/","sameAs":[],"logo":{"@type":"ImageObject","@id":"https://creativebd-angouleme.inovawork.net/#logo","inLanguage":"en-US","url":"https://creativebd-angouleme.inovawork.net/wp-content/uploads/2019/12/logo_angouleme_unesco.jpg","contentUrl":"https://creativebd-angouleme.inovawork.net/wp-content/uploads/2019/12/logo_angouleme_unesco.jpg","width":2079,"height":1060,"caption":"Mairie d'Angoulême"},"image":{"@id":"https://creativebd-angouleme.inovawork.net/#logo"}},{"@type":"WebSite","@id":"https://creativebd-angouleme.inovawork.net/#website","url":"https://creativebd-angouleme.inovawork.net/","name":"Angoulême Ville Créative","description":"Angoulême Ville Créative de l&#039;UNESCO","publisher":{"@id":"https://creativebd-angouleme.inovawork.net/#organization"},"potentialAction":[{"@type":"SearchAction","target":{"@type":"EntryPoint","urlTemplate":"https://creativebd-angouleme.inovawork.net/?s={search_term_string}"},"query-input":"required name=search_term_string"}],"inLanguage":"en-US"},{"@type":"ImageObject","@id":"https://creativebd-angouleme.inovawork.net/en/evenement/festival-du-film-francophone-dangouleme/#primaryimage","inLanguage":"en-US","url":"https://creativebd-angouleme.inovawork.net/wp-content/uploads/2021/04/FFA-logo.jpg","contentUrl":"https://creativebd-angouleme.inovawork.net/wp-content/uploads/2021/04/FFA-logo.jpg","width":600,"height":300},{"@type":"WebPage","@id":"https://creativebd-angouleme.inovawork.net/en/evenement/festival-du-film-francophone-dangouleme/#webpage","url":"https://creativebd-angouleme.inovawork.net/en/evenement/festival-du-film-francophone-dangouleme/","name":"Angoulême Ville Créative","isPartOf":{"@id":"https://creativebd-angouleme.inovawork.net/#website"},"primaryImageOfPage":{"@id":"https://creativebd-angouleme.inovawork.net/en/evenement/festival-du-film-francophone-dangouleme/#primaryimage"},"datePublished":"2021-04-08T12:22:38+00:00","dateModified":"2021-07-23T08:44:59+00:00","description":"Festival du Film Francophone d’Angoulême","breadcrumb":{"@id":"https://creativebd-angouleme.inovawork.net/en/evenement/festival-du-film-francophone-dangouleme/#breadcrumb"},"inLanguage":"en-US","potentialAction":[{"@type":"ReadAction","target":["https://creativebd-angouleme.inovawork.net/en/evenement/festival-du-film-francophone-dangouleme/"]}]},{"@type":"BreadcrumbList","@id":"https://creativebd-angouleme.inovawork.net/en/evenement/festival-du-film-francophone-dangouleme/#breadcrumb","itemListElement":[{"@type":"ListItem","position":1,"name":"Accueil","item":"https://creativebd-angouleme.inovawork.net/en/"},{"@type":"ListItem","position":2,"name":"Évènements","item":"https://creativebd-angouleme.inovawork.net/evenements/"},{"@type":"ListItem","position":3,"name":"Festival du Film Francophone d’Angoulême"}]}]}</script>
<!-- / Yoast SEO plugin. -->

Angoulême Ville Créative

Mairie d'Angoulême

Angoulême Ville Créative de l&#039;UNESCO

Évènements
